 hundred thousands digit of 1070367?
0
What is the thousands digit of 6915472?
5
What is the tens digit of 94102?
0
What is the thousands digit of 506769?
6
What is the units digit of 397287?
7
What is the hundred thousands digit of 14050662?
0
What is the tens digit of 172423?
2
What is the tens digit of 8050423?
2
What is the units digit of 256803?
3
What is the ten millions digit of 12580886?
1
What is the thousands digit of 39473?
9
What is the ten thousands digit of 15424970?
2
What is the hundred thousands digit of 173499?
1
What is the tens digit of 3915185?
8
What is the ten thousands digit of 8385920?
8
What is the tens digit of 1190744?
4
What is the tens digit of 114110?
1
What is the ten millions digit of 13240682?
1
What is the ten thousands digit of 371433?
7
What is the ten thousands digit of 4812051?
1
What is the ten thousands digit of 260471?
6
What is the ten thousands digit of 1484510?
8
What is the hundred thousands digit of 114769?
1
What is the ten thousands digit of 168239?
6
What is the millions digit of 7481470?
7
What is the hundreds digit of 18743716?
7
What is the hundreds digit of 6925983?
9
What is the tens digit of 91342?
4
What is the ten thousands digit of 2730971?
3
What is the ten thousands digit of 17739888?
3
What is the hundreds digit of 277899?
8
What is the ten thousands digit of 53040?
5
What is the hundred thousands digit of 1401505?
4
What is the units digit of 6393557?
7
What is the ten thousands digit of 25464145?
6
What is the hundreds digit of 18194357?
3
What is the hundreds digit of 1048467?
4
What is the hundreds digit of 7341885?
8
What is the units digit of 4394454?
4
What is the millions digit of 34419898?
4
What is the units digit of 133225?
5
What is the units digit of 15652807?
7
What is the ten millions digit of 28271954?
2
What is the hundreds digit of 1516315?
3
What is the ten thousands digit of 913156?
1
What is the millions digit of 6560962?
6
What is the thousands digit of 817108?
7
What is the tens digit of 1586620?
2
What is the units digit of 78824?
4
What is the units digit of 3216693?
3
What is the units digit of 135900?
0
What is the thousands digit of 129925?
9
What is the hundreds digit of 2343320?
3
What is the thousands digit of 2338188?
8
What is the thousands digit of 18034706?
4
What is the thousands digit of 2269579?
9
What is the units digit of 10540861?
1
What is the tens digit of 13656199?
9
What is the millions digit of 9473056?
9
What is the tens digit of 185254?
5
What is the hundreds digit of 2375073?
0
What is the ten thousands digit of 15289319?
8
What is the millions digit of 4868116?
4
What is the units digit of 2167101?
1
What is the thousands digit of 7555079?
5
What is the tens digit of 922721?
2
What is the units digit of 2995293?
3
What is the hundred thousands digit of 590167?
5
What is the units digit of 245619?
9
What is the hundreds digit of 2966860?
8
What is the thousands digit of 1442914?
2
What is the hundreds digit of 552657?
6
What is the ten thousands digit of 382141?
8
What is the thousands digit of 10303859?
3
What is the tens digit of 151159?
5
What is the hundred thousands digit of 355520?
3
What is the hundred thousands digit of 785220?
7
What is the units digit of 4979134?
4
What is the tens digit of 529035?
3
What is the ten thousands digit of 308984?
0
What is the ten thousands digit of 1322021?
2
What is the thousands digit of 31769348?
9
What is the tens digit of 2324195?
9
What is the hundred thousands digit of 343329?
3
What is the thousands digit of 271291?
1
What is the thousands digit of 38314?
8
What is the hundred thousands digit of 1828725?
8
What is the millions digit of 4547542?
4
What is the thousands digit of 2683740?
3
What is the millions digit of 4348545?
4
What is the tens digit of 19506?
0
What is the ten millions digit of 13497980?
1
What is the hundred thousands digit of 4409986?
4
What is the ten thousands digit of 737984?
3
What is the units digit of 14989576?
6
What is the tens digit of 1120627?
2
What is the units digit of 3490835?
5
What is the thousands digit of 723924?
3
What is the ten millions digit of 10071615?
1
What is the thousands digit of 359251?
9
What is the thousands digit of 468040?
8
What is the ten thousands digit of 446141?
4
What is the hundreds digit of 3184836?
8
What is the millions digit of 7651661?
7
What is the units digit of 21901572?
2
What is the hundreds digit of 330054?
0
What is the tens digit of 10299227?
2
What is the hundred thousands digit of 6046560?
0
What is the thousands digit of 1128376?
8
What is the thousands digit of 439894?
9
What is the hundreds digit of 127677?
6
What is the hundred thousands digit of 189972?
1
What is the tens digit of 1502166?
6
What is the ten thousands digit of 2629199?
2
What is the tens digit of 2575064?
6
What is the hundred thousands digit of 1473432?
4
What is the hundreds digit of 260870?
8
What is the tens digit of 472392?
9
What is the ten millions digit of 13435691?
1
What is the ten thousands digit of 7148349?
4
What is the units digit of 275277?
7
What is the hundreds digit of 267140?
1
What is the units digit of 196052?
2
What is the tens digit of 1342092?
9
What is the hundred thousands digit of 1561004?
5
What is the hundred thousands digit of 7702574?
7
What is the thousands digit of 20043460?
3
What is the hundreds digit of 47564?
5
What is the ten thousands digit of 44587?
4
What is the tens digit of 208713?
1
What is the units digit of 38728?
8
What is the tens digit of 3874707?
0
What is the tens digit of 1102111?
1
What is the hundreds digit of 992223?
2
What is the hundred thousands digit of 126553?
1
What is the tens digit of 61555?
5
What is the hundred thousands digit of 6732245?
7
What is the tens digit of 4285912?
1
What is the millions digit of 7323309?
7
What is the ten thousands digit of 475816?
7
What is the hundred thousands digit of 437317?
4
What is the hundred thousands digit of 117523?
1
What is the units digit of 10510225?
5
What is the hundred thousands digit of 253241?
2
What is the thousands digit of 209568?
9
What is the ten thousands digit of 94550?
9
What is the tens digit of 241866?
6
What is the hundred thousands digit of 573854?
5
What is the tens digit of 6565888?
8
What is the hundreds digit of 31304?
3
What is the units digit of 183830?
0
What is the hundred thousands digit of 3541291?
5
What is the millions digit of 4589142?
4
What is the ten thousands digit of 25338?
2
What is the hundred thousands digit of 219346?
2
What is the hundred thousands digit of 132775?
1
What is the thousands digit of 330347?
0
What is the tens digit of 184294?
9
What is the ten thousands digit of 15639768?
3
What is the units digit of 64072?
2
What is the hundred thousands digit of 14705063?
7
What is the tens digit of 3992016?
1
What is the hundred thousands digit of 731052?
7
What is the tens digit of 1966896?
9
What is the hundreds digit of 375726?
7
What is the millions digit of 2316480?
2
What is the thousands digit of 2624479?
4
What is the tens digit of 1193265?
6
What is the tens digit of 756962?
6
What is the ten thousands digit of 2135389?
3
What is the ten thousands digit of 162884?
6
What is the hundreds digit of 9229079?
0
What is the millions digit of 2017354?
2
What is the tens digit of 332737?
3
What is the hundred thousands digit of 894781?
8
What is the thousands digit of 11222507?
2
What is the ten thousands digit of 683591?
8
What is the units digit of 88741?
1
What is the tens digit of 192711?
1
What is the thousands digit of 7571240?
1
What is the hundred thousands digit of 13277582?
2
What is the hundred thousands digit of 3344222?
3
What is the hundreds digit of 53002?
0
What is the units digit of 5738353?
3
What is the tens digit of 3376811?
1
What is the units digit of 7767450?
0
What is the hundreds digit of 766526?
5
What is the tens digit of 1096709?
0
What is the tens digit of 658005?
0
What is the thousands digit of 17315601?
5
What is the units digit of 3430359?
9
What is the units digit of 376232?
2
What is the units digit of 2506842?
2
What is the thousands digit of 74420?
4
What is the ten millions digit of 11269438?
1
What is the ten thousands digit of 13857?
1
What is the t